f b(9)?
7
Let o(s) = 8319*s**2 - 75*s + 76. What is the thousands digit of o(1)?
8
Let b(c) = 26 + 39*c - 4*c**2 + 81 + 3*c**2. What is the units digit of b(19)?
7
Suppose 4*d = -8, -d + 2 + 2 = y. Let m(g) = 3*g + 12. Let f be m(3). Suppose -2*z + y = 0, 2*q + 5*z - f = -q. What is the units digit of q?
2
Let r = 4036 - 2342. Let h = r - 963. What is the tens digit of h?
3
Suppose 0 = -12*v + 18*v - 54. What is the hundreds digit of 3/((3/v)/((-2008)/(-36)))?
5
Let t(i) = i + 1. Let o(j) = -20*j - 48. Let l(v) = -4*o(v) - 28*t(v). What is the hundreds digit of l(7)?
5
Let j = 3 + 22. Let w(x) = 2*x + j - 7*x + 4*x**2 - x. What is the units digit of w(6)?
3
Let c(g) = -g**2 + 60*g - 584. Let i be c(11). Suppose -15 = 5*z, -2*j + 4*z = -89 - 51. Let t = j + i. What is the tens digit of t?
1
Let d(q) = -q**2 - 3*q + 6. Let r be d(-4). Suppose 4*w + n = -263, 3*w - 266 = 7*w + r*n. Let j = 47 - w. What is the hundreds digit of j?
1
Let i be (3 + (-14)/4 + -2)*48. What is the units digit of -755*8/i + (-1)/3?
0
Let a be (-2 - 333)*8/(-4). Let i = 1461 - 1461. Suppose -2*y - l + 268 = i, 4*y + 4*l - a = -y. What is the hundreds digit of y?
1
Let z(f) = -f**3 + 11*f**2 + 11*f + 19. Let o be z(12). Let u(v) = v**2 - v - 40. Let h be u(o). Suppose h*a - 137 - 15 = 0. What is the tens digit of a?
7
Suppose -5*i = u - 5, 4*i + 3*u + 5 = 4*u. Let l be i + 29 + 4 + 1. Let j = 65 - l. What is the units digit of j?
1
Let k(w) = -14*w**3 + 663*w**2 + 35*w - 104. What is the tens digit of k(46)?
1
Let r be 2*(-2)/(-16) - (-66)/24. Let q be (r - 2/(-2)) + -8. Let o = q - -138. What is the units digit of o?
4
Let b be (0 + 1)*11/(22/10). What is the tens digit of b + 1 + -6 + 288?
8
Suppose 0 = -52*g + 16*g - 55678 + 315886. What is the tens digit of g?
2
Let p(s) = 3417*s - 10665. What is the hundreds digit of p(13)?
7
Let x(l) = -l**2 + 3*l + 18. Let h be x(6). What is the hundreds digit of (222/185)/(h - 3/(-890))?
3
Suppose -5*l + 3*d + 572 = 0, 4*l - l - 320 = -4*d. Suppose -4*n + l = 2*s, s - 6*s + 313 = -n. What is the tens digit of s?
6
Let d be (-9110)/(-4)*(-6)/(-15). Let x = -1731 + d. What is the tens digit of (10/(-4))/(-2*(-5)/x)?
0
Let x = 32 + -45. Let j = x + 9. What is the units digit of -105*(j + 0 + 3)?
5
Let f = 70986 - 37622. What is the tens digit of f?
6
Suppose -9*u - 507 = -1749. Let r = u - 138. Let g(f) = 12*f + 71. What is the units digit of g(r)?
1
Suppose -5*k + 255 = 240. Suppose -k*n + 440 = -397. What is the tens digit of n?
7
Let m = -14718 + 28809. What is the tens digit of m?
9
Let y(o) be the second derivative of -35*o**3/2 - 35*o**2/2 + 254*o. What is the units digit of y(-2)?
5
Let s(f) = 5*f**3 - 29*f**2 + 103*f - 46. What is the ten thousands digit of s(25)?
6
Let t = 3833 - -3958. What is the tens digit of t?
9
Suppose -28*w + 5455 = -9385. Suppose 12*s - v - w = 11*s, -3*s + 1574 = v. What is the tens digit of s?
2
Let x(i) be the first derivative of 241*i**3/3 - 5*i**2 + 2*i - 182. What is the units digit of x(-1)?
3
Let j = 1190 - 1189. Let x(m) = -3*m - 1. Let n be x(3). What is the tens digit of (-952)/n + (j - (-6)/(-5))?
9
Let b(x) = 9*x**2 - x - 1. Let f be b(-1). Let l be (-491)/(-5) - f/45. What is the units digit of l - (8/(-2) + 0)?
2
Let m be 4/10*(5 + 0). Suppose -4*l + 9*l + 4*r - 47 = 0, 5*l - 41 = -2*r. Suppose 5*i - 160 = -l*k + m*k, -4*i + 131 = k. What is the units digit of i?
3
Suppose 4*y - 661*j - 38750 = -666*j, 5*y - 48458 = 4*j. What is the tens digit of y?
9
Let k be 8 - ((-20)/6 - 48/(-36)). Let q be -5*(2 + -1) - -1. What is the tens digit of (-24)/k*(q + (-56)/21)?
1
Let l = 40100 + -3303. What is the ten thousands digit of l?
3
Let r(g) = 70*g + 11. Suppose z = -3*n + 26, -5*n + 5*z = -0*z - 10. Let m be r(n). Suppose -m = -5*f + 3*t, t = f - 2*t - 105. What is the tens digit of f?
9
Let g be (-6)/((-18)/789) + -3 + 0. Suppose 2*t - 3*j = 138, 0*t - 2*j - g = -4*t. What is the units digit of t?
3
What is the tens digit of (56/(-6) - (-64)/8)/((-1)/630)?
4
Suppose -490*l + 488*l + 11774 = 0. Suppose -3*t = 4*p - l, -4*p + 2*t + 5902 = -0*t. What is the units digit of p?
4
Suppose -3*s + i - 170 = -4*s, 4*s = -2*i + 682. What is the tens digit of s?
7
Let t = 3804 - 2508. What is the hundreds digit of t?
2
Suppose 6*v - 11*v = -6245. Let s = -869 + v. What is the tens digit of s?
8
Let b(w) = -12*w**2 - 597 + 16*w + 3*w**2 + 607 + w**3. What is the tens digit of b(9)?
5
Suppose -5*m = -h - 3*m + 4718, 4*m - 9452 = -2*h. Suppose h - 578 = 7*x. What is the units digit of x?
2
Let n(l) = -l**3 + 12*l**2 - 5*l - 15. Let h(t) = t**2 - 7*t - 7. Let x = -6 - -15. Let m be h(x). What is the units digit of n(m)?
1
Suppose 12*l - 8*l - 3*j = 1364, 0 = l + j - 334. Suppose 0 = n + 5*y - l, n - 320 = y + 6. What is the hundreds digit of n?
3
What is the hundreds digit of ((-963)/(-12))/(40/(920000/69))?
7
Let r be 1/5 - (-536)/20. Suppose 3*y - r = 3*v, 4*v = -4*y + 7*v + 32. Suppose 3*m = y*m - 114. What is the tens digit of m?
5
Let x(m) = 34*m**2 + m - 1. Suppose 30*w + 20 = 34*w. Let a be ((-4)/(-6))/(w/15). What is the hundreds digit of x(a)?
1
Suppose 0 = -34*a + 32*a - 4*r + 12854, r + 12844 = 2*a. What is the hundreds digit of a?
4
Let a(j) be the second derivative of -j**4/6 + 15*j**3/2 + 45*j**2/2 + 326*j. What is the units digit of a(20)?
5
Let q(r) = -r**2 - 5*r + 6. Let b be q(-8). Let a be b/(-12)*(-16)/(-6) - -56. Suppose a*g - 59*g - 16 = 0. What is the tens digit of g?
1
Let y be 411 - (-14 - (-14 + 7)). What is the hundreds digit of y - (5 + -4)*-7?
4
Suppose -5*s + 30418 = 3*c, 3*s - 2*c - 5625 - 12641 = 0. What is the thousands digit of s?
6
Let z = -144 - -154. What is the units digit of 67*z*(-6)/(-15)?
8
Let j(l) = 242*l - 187. Let x be j(7). Suppose -2*y + x + 227 = 0. What is the units digit of y?
7
Let c = -79 + 142. Let a = -34 + c. Let n = a + 57. What is the units digit of n?
6
Suppose -1068 = 3*o + o. Let v = o - -604. What is the tens digit of v?
3
Suppose -25*z + 4 = -29*z. Let r be z/(-3*(-4)/(-48)). Suppose -4*t = -r*j + t + 173, 4*j + 4*t - 200 = 0. What is the tens digit of j?
4
Let v = 59 - 56. Let i be v/(-5) + 516/60. Suppose i*u - 194 = 6*u. What is the tens digit of u?
9
Suppose 4*x + 437 = 237. Let g(v) = -v**2 - 64*v - 273. What is the hundreds digit of g(x)?
4
Let a(f) be the first derivative of f**4/2 - 10*f**3/3 + 2*f**2 + 4*f + 29. Let w be a(7). Let s = -80 + w. What is the tens digit of s?
4
Suppose -u - 9 - 1 = -4*a, u = 5*a - 13. Suppose -u*m = v - 1074, 9*v - 10 = 14*v. What is the tens digit of m?
3
Let t = 447 + -404. Suppose 2*a + o = 5, 0*a = -3*a - 2*o + 5. Suppose -t = a*h - 363. What is the tens digit of h?
6
Suppose -90232 - 23768 = -16*i. What is the hundreds digit of i?
1
Let s be (-3 - 0)/3 + (-24)/(-3). Suppose 11*o = s*o - 100. What is the tens digit of -1 + (-5)/(o/695)?
3
Let d = -42 + 43. Suppose d = 4*t - 11. Suppose 4*x - 3*l = 11 + 17, 2*x - t*l = 20. What is the units digit of x?
4
Suppose -7*s = 1 - 8. Let u be -4 + 1/s + 5. Suppose -2*d = u*m - 6*m + 1144, -4*d = m - 295. What is the tens digit of m?
8
Let n(r) = r**2 - r + 1. Let o(b) = -5*b**2 - 2*b + 1. Let v(f) = 6*n(f) + o(f). Let p be v(11). What is the tens digit of 6/(-2 + p/58*3)?
8
What is the ten thousands digit of (-11)/176 - 14/(896/(-1987652))?
3
Suppose 2*j - 8 - 42 = -3*y, 0 = 2*j + 4*y - 46. Let h = 157 - j. What is the hundreds digit of h?
1
Let h(u) = -u**2 + 11*u - 12. Let y be h(9). What is the hundreds digit of 714/2*(-5 + y)?
3
Suppose -3*u - 1 = -i - 3*i, 0 = 3*u + 5*i - 35. Suppose 2*n - 795 = -3*m, 0 = -u*n + 3*m + m + 1976. What is the hundreds digit of n?
3
Let b(u) = -62*u - 8. Let m(d) = 15*d - 1. Let s(f) = -b(f) - 4*m(f). Suppose -2*l - 15 = 3*l. What is the units digit of s(l)?
6
Suppose -7*z = -64210 - 378890. What is the tens digit of z?
0
Let f(k) = k**3 + 7*k**2 - 2*k - 10. Let h be f(-7). Suppose g + r + 0 = 1, 0 = -h*g + r - 6. Let x = 55 - g. What is the tens digit of x?
5
Suppose 3*z - 6864 = 64*t - 63*t, 3*z - 4*t - 6864 = 0. Suppose -b = b - z. What is the hundreds digit of b?
1
Let v(n) = 2*n + 39. Let r be v(-18). Suppose 44 = -r*h + 14*h. Suppose 320 = 4*s + h*d, s - 7*d + 6*d = 74. What is the tens digit of s?
7
Let x = 32 + -27